+ 3*c - 6. Let j be a(4). List the prime factors of 9/f + (-3)/j.
2
Suppose -b + 5 = -11. What are the prime factors of b?
2
List the prime factors of (1156/(-3))/(-4)*(-54)/(-18).
17
Let r = 2 + 4. Suppose 0 = -r*x + 2*x + 48. List the prime factors of x.
2, 3
Let p = -1 - -7. List the prime factors of p.
2, 3
Suppose 23 = 5*m - 97. Suppose -4 = 4*k - m. List the prime factors of k.
5
Let j be 2 + 0 + 88/(-4). Let m be (-18)/(-5) - 8/j. Suppose -m*y + 25 = -23. List the prime factors of y.
2, 3
Let n be ((-9)/6)/((-3)/(-8)). Let v(b) be the second derivative of -b**4/12 - b**3 + b. List the prime factors of v(n).
2
Suppose 2*a = -3*a + 15. Suppose -a*r + h + 13 = 0, 2*h - 5*h - 18 = -2*r. What are the prime factors of r?
3
What are the prime factors of -1 + (-1 - (-136)/4)?
2
What are the prime factors of (-3 + 211)/4 - 3?
7
Suppose 0 = k - 11*k + 1770. List the prime factors of k.
3, 59
Let n(v) = -2*v - 4. List the prime factors of n(-9).
2, 7
Let m(a) = -59*a - 17. Let w(c) = 20*c + 6. Let u(t) = 6*m(t) + 17*w(t). What are the prime factors of u(-1)?
2, 7
Suppose 2*s = -8, 0 = 5*z + 3*s + s + 6. List the prime factors of z.
2
Let o(g) = -7*g**3 + 2*g**2 - 7*g. Let r(m) = -m**3 - m**2 - m + 1. Let t(p) = -o(p) + 6*r(p). List the prime factors of t(8).
2, 7
Suppose 0 = 3*t - 5*t + 144. What are the prime factors of t?
2, 3
Suppose -2*y + 2*b = -26, y + 3*b = -4*y + 89. What are the prime factors of y?
2
Let t = -8 - -50. List the prime factors of t.
2, 3, 7
Let i(w) = w**2 - w + 2. Let p(y) = -2*y**2 + 2*y - 4. Let s(b) = -5*i(b) - 3*p(b). Let f be (3/(-1))/3*-2. List the prime factors of s(f).
2
Let p(i) = i**3 + 4*i**2 - 5*i + 5. Let a = -11 + 6. What are the prime factors of p(a)?
5
Suppose -n + 669 = 2*n. What are the prime factors of n/5 - 8/(-20)?
3, 5
Let w(r) = 2*r**2 + 2*r - 8. List the prime factors of w(6).
2, 19
Let y be (-1)/(3/(-153) - 0). Suppose -j = -4*j - y. List the prime factors of 2/2 + j/(-1).
2, 3
Let y(v) = v**3 + 7*v**2 + 5*v + 8. List the prime factors of y(-6).
2, 7
Let q = 54 - -1. Suppose 4*o + 5*r - q = 0, 2*r + 13 = 3. List the prime factors of o.
2, 5
Suppose 3*d - i - 220 = 3*i, 2*d - 140 = i. What are the prime factors of d?
2, 17
Let q(z) = -z**2 + 5*z. Suppose -4*g = -4*t - 28, -3*g = -0*g + 4*t. What are the prime factors of q(g)?
2
Suppose 4*p = u + p - 14, -4*p = -4*u + 16. List the prime factors of 8 + (2 - u) + -3.
2
Let b(r) = -r**2 + 6*r - 1. Let d be b(4). List the prime factors of 21 + -1 + 14/d.
2, 11
Let v = -10 - -3. Let d = v + 21. List the prime factors of d.
2, 7
Suppose 4 = 3*x - 8. What are the prime factors of (1/2)/(x/48)?
2, 3
Let t(x) = x + 132. List the prime factors of t(0).
2, 3, 11
Let t(q) = q**3 - 7*q**2 + 6*q + 2. Let m = -10 + 16. List the prime factors of t(m).
2
List the prime factors of 20/((-10)/5)*-20.
2, 5
Suppose 112 = -0*y + 4*y. What are the prime factors of 344/y + (-4)/14?
2, 3
Let d(x) = 13*x + 17. Let b(z) = 6*z + 8. Let m(r) = -5*b(r) + 2*d(r). What are the prime factors of m(-7)?
2, 11
Let c be 36/(-45)*(-5)/(-2). Let l(m) = -m**3 - m**2 + m. Let u be l(c). Suppose 5*p - u*p - 51 = 0. List the prime factors of p.
17
Let q = -90 - -159. What are the prime factors of q?
3, 23
Suppose -4*x + 5*h = 12 + 55, 0 = -3*x + h - 53. List the prime factors of 0 - x - (-10)/(-5).
2
Suppose 5*h - 20 = 0, -4*w - h = h - 224. What are the prime factors of w?
2, 3
Let s = 56 - 17. Let z = s - 6. List the prime factors of z.
3, 11
Let n(f) be the first derivative of 7*f**3/3 - f**2/2 + 6. What are the prime factors of n(-2)?
2, 3, 5
Suppose -5 = 2*p - 3*q - 58, -2*q - 27 = -p. What are the prime factors of p?
5
Let d = 7 + -7. Suppose d = -5*r + 7 + 13. List the prime factors of r.
2
Let d(f) = -f**3 + 8*f**2 + 12*f - 8. List the prime factors of d(9).
19
Suppose r - 5*z - 73 = -r, -r - 5*z = -29. List the prime factors of r.
2, 17
Let o(q) = -6*q + 1. Let t be o(2). List the prime factors of (-68)/t + (-2)/11.
2, 3
List the prime factors of 3875/10 + (-1)/2.
3, 43
Suppose 2*w + 19 = 159. List the prime factors of w.
2, 5, 7
Suppose -2*q = -3*q. Suppose -3*t = 3*o, q = -4*o - 3*t + 5*t. Suppose 4*b = -3*k + 39, o*b = b - 3. List the prime factors of k.
3
Let s(g) = 5*g**2 - 7*g - 4. What are the prime factors of s(7)?
2, 3
Let g(l) = l**3 - 7*l**2 + 2*l - 6. Let x be g(7). Let i be 46/x - 2/(-8). Let s = 8 - i. What are the prime factors of s?
2
Suppose -3*o - 8 = -7*o. Suppose 3*q = 3*r - 93, o*q + 2*q = 2*r - 62. What are the prime factors of r?
31
Let b(q) = -3*q**2 - 4. Let l be b(-3). Let w = 19 + -36. Let n = w - l. List the prime factors of n.
2, 7
Suppose 460 = 3*u + 94. List the prime factors of u.
2, 61
Let u be -1*(-1 + -1*2). Let k(g) = 4*g - 3. Let c be k(3). Let f = c + u. List the prime factors of f.
2, 3
Suppose 2*b = -10, -2*b + b + 125 = 2*n. Let v = n + -30. List the prime factors of v.
5, 7
Suppose -3*b = -i - 8, -4*b - 16 = 3*i + i. Suppose 0 = 5*n - 5, -8 = -p + n - 3. Let k = b + p. What are the prime factors of k?
7
Let h(j) be the second derivative of j**3/6 - 7*j**2/2 + j. List the prime factors of h(10).
3
Let q = 212 - 144. List the prime factors of q.
2, 17
Let i(b) = b**3 + 2*b**2 - 3*b. Let o be i(2). Let w = -4 + o. What are the prime factors of w?
2, 3
Let j(x) = -5*x - 9. Let r be j(-6). Let s = 34 - r. List the prime factors of s.
13
Suppose 0 = 4*h + 8, d = -3*h + 22 + 1. List the prime factors of d.
29
Let k(i) = -i - 3. Suppose 0 = -2*t - 3*t - 20. Let f be k(t). What are the prime factors of (32/12)/(f/3)?
2
Let k(h) = -5*h**3 - 8*h**2 + 4*h**3 - 8 + 0*h + 5*h. List the prime factors of k(-9).
2, 7
Let u = -6 - -9. Suppose -3*k = -2*k + u. List the prime factors of (k - -19)*(1 + 0).
2
Suppose 3*z - 2*z - 2 = -u, 4*u - 4*z - 32 = 0. Suppose 3*k = 3*h + 21, k - 32 = -3*k + u*h. Let d = 11 - k. List the prime factors of d.
2
Let r be (1 - 0) + -2 - -12. What are the prime factors of 4/(-22) - (-211)/r?
19
Let d(v) = -41*v - 7. List the prime factors of d(-4).
157
Let s be 13/3 + 2/(-6). Suppose -a = -s*a + 66. Suppose 0 = 2*o - 4*o + a. List the prime factors of o.
11
Let h(z) = -z**3 - z**2 + z + 7. Let m be h(0). Let s(w) = -w**2 + 8*w + 1. What are the prime factors of s(m)?
2
Let x = -10 - -18. Let g = x - 1. Suppose 3*a - g*a + 76 = 0. What are the prime factors of a?
19
List the prime factors of (11/22)/(1/228).
2, 3, 19
Let y = 70 + -40. List the prime factors of y.
2, 3, 5
List the prime factors of (-438 - 1)/(16 - 17).
439
Let x(z) = z + 6. Let s(k) = -1. Let v(q) = 2*s(q) + x(q). What are the prime factors of v(5)?
3
Let m be 1/(-2) - (-2)/4. Suppose m = -2*f + 3*f + 3. List the prime factors of -14*f/21*6.
2, 3
Suppose 8 = 2*s, -s - 2*s - 36 = -3*h. What are the prime factors of h?
2
Let c(o) = 0 - 5*o - 1 - 5 + 3*o. What are the prime factors of c(-6)?
2, 3
Let v(s) = -s**3 + 9*s**2 + 2*s - 11. Let x be v(9). Let q(t) = 2*t**2 - 9*t - 7. List the prime factors of q(x).
2, 7
Let p = -1565 + 1033. List the prime factors of 2/9 + p/(-36).
3, 5
Let n = -3 - -7. Suppose -f + 6*f = 10, 3*f = 5*x - n. What are the prime factors of x?
2
Suppose 24 = t - 3*k, 3*t = 2*t - 3*k - 6. List the prime factors of t.
3
Suppose -3*a = -4*a + 23. What are the prime factors of a?
23
Let w(y) = -y. Let f be w(-3). Suppose -11 = o + 5*c - 31, f*c = 12. Suppose o = -k + 1 + 3. List the prime factors of k.
2
List the prime factors of -43*(-1)/(0 - -1).
43
Let t = -12 - -17. Suppose t*b - 59 = 4*b. Suppose 0 = -4*o - 0*o - h + 65, 3*h - b = -4*o. List the prime factors of o.
17
Let h = -4 - -4. Suppose h = 3*v + v - 12. List the prime factors of v.
3
Suppose 0*k + 2*k + 8 = -3*m, 4*m = -3*k - 11. Let u(o) = o**3 + 6*o**2 - 7*o + 3. Let d be u(-7). Let b = k + d. List the prime factors of b.
2
Let b = 21 + -5. List the prime factors of b.
2
Suppose 3*i - 138 = -2*c, -4*i + i + 3*c + 153 = 0. List the prime factors of i.
2, 3
Let r be 0 - (-1 + -2) - -1. Suppose -3*w - 68 = -4*y - r, -w - 30 = -2*y. What are the prime factors of y?
13
Suppose p + 2*p = l - 152, 467 = 3*l + 2*p. List the prime factors of l.
5, 31
Suppose f + 34 = 2*p, 2*f + 0*p = 3*p - 72. Let a be f/11 + 6/(-33). Let z = a - -13. What are the prime factors of z?
3
Let p(n) = n**3 + 6*n**2